7155 a multiple of 873?
False
Is 417 a factor of 11352058?
False
Is 15185472 a multiple of 96?
True
Is 21 a factor of 403557074?
False
Is 6 a factor of 14667644?
False
Does 68 divide 9867004?
True
Is 18080325 a multiple of 75?
True
Is 19693363 a multiple of 337?
False
Does 22 divide 166600434?
True
Is 26894454 a multiple of 4?
False
Is 578333394 a multiple of 320?
False
Does 4430 divide 84652870?
True
Is 48 a factor of 5777616?
True
Is 19 a factor of 338817709?
True
Is 74 a factor of 196216624?
True
Is 670 a factor of 310093247?
False
Does 26 divide 31958758?
True
Is 288 a factor of 29792131?
False
Does 1393 divide 39272657?
False
Is 891 a factor of 50542079?
False
Is 1061280 a multiple of 99?
True
Is 96 a factor of 576900096?
True
Does 71 divide 223887607?
False
Is 4310 a factor of 2195768290?
True
Does 12 divide 24254973?
False
Is 55 a factor of 9632150?
True
Does 16 divide 263793697?
False
Does 1673 divide 574340900?
True
Does 12 divide 87458380?
False
Does 394 divide 4526564?
False
Does 48 divide 32002128?
True
Is 92366751 a multiple of 417?
True
Is 659 a factor of 4297744424?
False
Does 5 divide 137487?
False
Is 135958452 a multiple of 119?
True
Is 41 a factor of 45923979?
False
Is 48 a factor of 767600376?
False
Does 400 divide 574818400?
True
Is 1393685775 a multiple of 45?
True
Is 716 a factor of 27267240?
False
Does 10 divide 1200130150?
True
Is 2083 a factor of 684500879?
True
Does 70 divide 3054557215?
False
Does 151 divide 165290043?
False
Is 1018 a factor of 22889082?
False
Is 67187328 a multiple of 832?
True
Is 34 a factor of 1834844397?
False
Is 40 a factor of 39180080?
True
Does 102 divide 69384174?
True
Is 697860644 a multiple of 96?
False
Is 482517059 a multiple of 28?
False
Does 32 divide 21019712?
True
Is 274 a factor of 117000192?
True
Does 223 divide 2541011?
False
Is 639209362 a multiple of 6413?
True
Does 1524 divide 376775472?
True
Is 23261371 a multiple of 3?
False
Is 139628681 a multiple of 3182?
False
Is 305 a factor of 34734629?
False
Is 72902844 a multiple of 12?
True
Is 1775668288 a multiple of 9?
False
Is 118 a factor of 171963052?
True
Is 181 a factor of 141068560?
False
Is 86 a factor of 257445111?
False
Is 53763084 a multiple of 114?
True
Does 986 divide 38471997?
False
Is 7182756 a multiple of 12?
True
Is 5234185579 a multiple of 12812?
False
Is 804 a factor of 1438992816?
False
Is 1201205 a multiple of 185?
True
Is 108361689 a multiple of 43?
False
Is 305826381 a multiple of 366?
False
Does 1048 divide 39643744?
True
Does 51 divide 47332421?
False
Does 347 divide 10255764?
False
Is 110163060 a multiple of 105?
True
Is 562 a factor of 196896915?
False
Is 135 a factor of 520725293?
False
Is 6484 a factor of 3022618699?
False
Is 5182704 a multiple of 81?
True
Does 2 divide 632561?
False
Does 66 divide 1482625782?
True
Is 7885383 a multiple of 3?
True
Is 27 a factor of 560536052?
False
Does 2509 divide 6882796?
False
Does 66 divide 40693950?
True
Is 770 a factor of 5667200?
True
Does 142 divide 15670436?
False
Is 1244 a factor of 55917800?
True
Is 5 a factor of 913642545?
True
Is 229 a factor of 6491921?
True
Is 12 a factor of 107395884?
True
Is 290496384 a multiple of 547?
True
Is 5347351 a multiple of 16?
False
Does 4495 divide 388681347?
False
Is 84947104 a multiple of 352?
True
Is 655938200 a multiple of 85?
True
Does 2956 divide 93331268?
False
Is 1893650 a multiple of 10?
True
Does 793 divide 1121125672?
False
Does 41 divide 56156000?
False
Is 5398 a factor of 518812576?
True
Does 101 divide 42656542?
True
Is 92922760 a multiple of 92?
True
Does 29 divide 334753?
False
Is 7 a factor of 1187471936?
True
Does 28 divide 7977396?
True
Does 2449 divide 247361778?
False
Is 1394 a factor of 985972380?
False
Is 3523575019 a multiple of 52?
False
Is 709417158 a multiple of 563?
True
Is 144106025 a multiple of 25?
True
Is 15 a factor of 36374114?
False
Is 72735387 a multiple of 235?
False
Is 6 a factor of 1689532?
False
Is 409 a factor of 276261913?
True
Does 2 divide 700205659?
False
Is 181 a factor of 72518833?
False
Is 439622365 a multiple of 3185?
True
Does 16 divide 60010640?
True
Is 47 a factor of 29285442?
False
Is 7614621 a multiple of 7?
True
Is 2 a factor of 5488113?
False
Does 534 divide 855451171?
False
Is 929 a factor of 377851241?
True
Is 144212432 a multiple of 28?
True
Is 12 a factor of 596346533?
False
Is 131264825 a multiple of 16?
False
Does 3 divide 24917501?
False
Is 272 a factor of 214507360?
True
Does 12 divide 114187289?
False
Is 46 a factor of 30451218?
True
Does 3041 divide 2687416848?
True
Is 213319761 a multiple of 23?
False
Does 27 divide 447567208?
False
Is 1001128076 a multiple of 84?
False
Is 41 a factor of 23829446?
True
Does 8 divide 16207480?
True
Is 107103660 a multiple of 30?
True
Is 898590510 a multiple of 5?
True
Does 15 divide 1333983453?
False
Does 1021 divide 47997674?
False
Does 13 divide 69875?
True
Is 128280269 a multiple of 4423?
True
Is 587446832 a multiple of 28?
True
Does 36 divide 55581787?
False
Is 254 a factor of 34620907?
False
Is 278 a factor of 303912658?
True
Is 27060405 a multiple of 4?
False
Is 423 a factor of 56036139?
False
Is 141 a factor of 16591731?
False
Is 18 a factor of 98736998?
False
Is 16502397 a multiple of 14?
False
Is 11 a factor of 40332138?
True
Is 2658107 a multiple of 13?
False
Does 319 divide 1863310262?
True
Is 963 a factor of 19633644?
True
Does 62 divide 34072209?
False
Is 22224784 a multiple of 8?
True
Is 73 a factor of 2247199369?
True
Does 110 divide 519522630?
True
Is 3497 a factor of 815728703?
False
Does 1017 divide 26224902?
False
Is 230321565 a multiple of 7?
False
Does 6 divide 65670?
True
Is 160190688 a multiple of 112?
True
Is 796264822 a multiple of 104?
False
Does 7 divide 21999315?
False
Is 849 a factor of 1774030497?
True
Is 1037319856 a multiple of 231?
False
Does 478 divide 91422514?
False
Is 3853755 a multiple of 70?
False
Is 4 a factor of 98639885?
False
Does 3838 divide 1476601555?
False
Does 491 divide 11914372?
False
Does 13 divide 1028840644?
True
Does 8 divide 571938?
False
Is 1313 a factor of 94810620?
False
Is 981652262 a multiple of 1766?
False
Is 14 a factor of 21754065?
False
Is 13 a factor of 23220633?
False
Is 16409020 a multiple of 164?
True
Is 33 a factor of 386805870?
True
Is 2 a factor of 36240144?
True
Is 1572188 a multiple of 12?
False
Is 517 a factor of 20437527?
True
Is 636 a factor of 21025524?
True
Is 27 a factor of 399942225?
True
Is 702251790 a multiple of 1267?
False
Is 12502908 a multiple of 17?
False
Is 7563071 a multiple of 579?
False
Does 140 divide 233388184?
False
Is 23 a factor of 1674911?
False
Does 636 divide 86405052?
True
Does 5264 divide 263931696?
True
Is 2249375293 a multiple of 13?
False
Is 21135090 a multiple of 13?
False
Does 74 divide 16880436?
True
Is 75 a factor of 12583307?
False
Is 39 a factor of 2618492030?
False
Does 123 divide 71563005?
False
Is 19122026 a multiple of 154?
True
Is 889221800 a multiple of 4194?
False
Is 114 a factor of 1579470?
True
Is 21664902 a multiple of 114?
True
Does 47 divide 27529169?
True
Is 3446055 a multiple of 2?
False
Does 2 divide 3479378?
True
Is 180 a factor of 60264234?
False
Does 173 divide 2489297?
True
Is 146 a factor of 2186484?
False
Is 433379616 a multiple of 2208?
True
Is 55 a factor of 989093552?
False
Is 6 a factor of 302019980?
False
Does 488 divide 19472000?
False
Is 13412893 a multiple of 138?
False
Is 106944896 a multiple of 2?
True
Is 4 a factor of 38070940?
True
Does 5 divide 596593700?
True
Is 34 a factor of 2582229756?
True
Is 949 a factor of 303428515?
True
Does 78 divide 42611556?
True
Is 274050658 a multiple of 4738?
True
Is 4 a factor of 33430304?
True
Does 4 divide 8916696?
True
Is 65069680 a multiple of 130?
True
Is 16 a factor of 30184768?
True
Is 50 a factor of 1295213550?
True
Does 11 divide 17408138?
True
Is 9712695208 a multiple of 18?
False
Does 5 divide 709963774?
False
Is 493790668 a multiple of 5873?
False
Is 6 a factor of 49411214?
False
Is 117 a factor of 190233342?
True
Is 43 a factor of 1482798283?
True
Is 102 a factor of 676599048?
True
Is 321262974 a multiple of 309?
True
Is 126972720 a multiple of 590?
True
Is 4 a factor of 27841143?
False
Is 165 a factor of 51827506?
False
Does 836 divide 115